{"id":976,"date":"2022-01-17T17:52:24","date_gmt":"2022-01-17T16:52:24","guid":{"rendered":"https:\/\/fischenmit.de\/?page_id=976"},"modified":"2022-01-17T20:40:08","modified_gmt":"2022-01-17T19:40:08","slug":"fischenmit-de-adventskalender","status":"publish","type":"page","link":"https:\/\/fischenmit.de\/?page_id=976","title":{"rendered":"Fischenmit.de &#8211; Adventskalender"},"content":{"rendered":"\t\t<div data-elementor-type=\"wp-page\" data-elementor-id=\"976\" class=\"elementor elementor-976\">\n\t\t\t\t\t\t<section class=\"elementor-section elementor-top-section elementor-element elementor-element-0986748 elementor-section-boxed elementor-section-height-default elementor-section-height-default\" data-id=\"0986748\" data-element_type=\"section\">\n\t\t\t\t\t\t<div class=\"elementor-container elementor-column-gap-default\">\n\t\t\t\t\t<div class=\"elementor-column elementor-col-100 elementor-top-column elementor-element elementor-element-41645dd\" data-id=\"41645dd\" data-element_type=\"column\">\n\t\t\t<div class=\"elementor-widget-wrap elementor-element-populated\">\n\t\t\t\t\t\t<div class=\"elementor-element elementor-element-4c31046 elementor-widget elementor-widget-video\" data-id=\"4c31046\" data-element_type=\"widget\" data-settings=\"{&quot;youtube_url&quot;:&quot;https:\\\/\\\/youtu.be\\\/ZTVqTENm7SE&quot;,&quot;yt_privacy&quot;:&quot;yes&quot;,&quot;video_type&quot;:&quot;youtube&quot;,&quot;controls&quot;:&quot;yes&quot;}\" data-widget_type=\"video.default\">\n\t\t\t\t<div class=\"elementor-widget-container\">\n\t\t\t\t\t\t\t<div class=\"elementor-wrapper elementor-open-inline\">\n\t\t\t<div class=\"elementor-video\"><\/div>\t\t<\/div>\n\t\t\t\t\t\t<\/div>\n\t\t\t\t<\/div>\n\t\t\t\t\t<\/div>\n\t\t<\/div>\n\t\t\t\t\t<\/div>\n\t\t<\/section>\n\t\t\t\t<section class=\"elementor-section elementor-top-section elementor-element elementor-element-77ef2eb elementor-section-boxed elementor-section-height-default elementor-section-height-default\" data-id=\"77ef2eb\" data-element_type=\"section\">\n\t\t\t\t\t\t<div class=\"elementor-container elementor-column-gap-default\">\n\t\t\t\t\t<div class=\"elementor-column elementor-col-100 elementor-top-column elementor-element elementor-element-1bb8481\" data-id=\"1bb8481\" data-element_type=\"column\">\n\t\t\t<div class=\"elementor-widget-wrap elementor-element-populated\">\n\t\t\t\t\t\t<div class=\"elementor-element elementor-element-00d1cad elementor-widget elementor-widget-heading\" data-id=\"00d1cad\" data-element_type=\"widget\" data-widget_type=\"heading.default\">\n\t\t\t\t<div class=\"elementor-widget-container\">\n\t\t\t\t\t<h1 class=\"elementor-heading-title elementor-size-default\">Der Fischenmit.de Andventskalender<\/h1>\t\t\t\t<\/div>\n\t\t\t\t<\/div>\n\t\t\t\t\t<\/div>\n\t\t<\/div>\n\t\t\t\t\t<\/div>\n\t\t<\/section>\n\t\t\t\t<section class=\"elementor-section elementor-top-section elementor-element elementor-element-e80d21b elementor-section-boxed elementor-section-height-default elementor-section-height-default\" data-id=\"e80d21b\" data-element_type=\"section\">\n\t\t\t\t\t\t<div class=\"elementor-container elementor-column-gap-default\">\n\t\t\t\t\t<div class=\"elementor-column elementor-col-100 elementor-top-column elementor-element elementor-element-2cd0afe\" data-id=\"2cd0afe\" data-element_type=\"column\">\n\t\t\t<div class=\"elementor-widget-wrap elementor-element-populated\">\n\t\t\t\t\t\t<div class=\"elementor-element elementor-element-9df1652 elementor-widget elementor-widget-heading\" data-id=\"9df1652\" data-element_type=\"widget\" data-widget_type=\"heading.default\">\n\t\t\t\t<div class=\"elementor-widget-container\">\n\t\t\t\t\t<h2 class=\"elementor-heading-title elementor-size-default\">Die Idee<\/h2>\t\t\t\t<\/div>\n\t\t\t\t<\/div>\n\t\t\t\t<div class=\"elementor-element elementor-element-2a2da7d elementor-widget elementor-widget-text-editor\" data-id=\"2a2da7d\" data-element_type=\"widget\" data-widget_type=\"text-editor.default\">\n\t\t\t\t<div class=\"elementor-widget-container\">\n\t\t\t\t\t\t\t\t\t<p>Nachdem wir beide im Jahr 2021 nur Nutzer eines Fliegenfischen-Adventskalenders waren, m\u00f6chten wir gerne unseren eigenen Adventskalender in diesem Jahr (2022) rausbringen. Dabei soll ein Kalender mit 24 selbstgebunden Fliegen best\u00fcckt und dann \u00fcber unsere Seite\u00a0 verkauft werden.<\/p><p>Der Erl\u00f6s aus diesen Kalendern wird gespendet.<\/p>\t\t\t\t\t\t\t\t<\/div>\n\t\t\t\t<\/div>\n\t\t\t\t<div class=\"elementor-element elementor-element-e5a3cd3 elementor-widget elementor-widget-heading\" data-id=\"e5a3cd3\" data-element_type=\"widget\" data-widget_type=\"heading.default\">\n\t\t\t\t<div class=\"elementor-widget-container\">\n\t\t\t\t\t<h2 class=\"elementor-heading-title elementor-size-default\">Wir brauchen Deine Hilfe!<\/h2>\t\t\t\t<\/div>\n\t\t\t\t<\/div>\n\t\t\t\t<div class=\"elementor-element elementor-element-fe16b73 elementor-widget elementor-widget-text-editor\" data-id=\"fe16b73\" data-element_type=\"widget\" data-widget_type=\"text-editor.default\">\n\t\t\t\t<div class=\"elementor-widget-container\">\n\t\t\t\t\t\t\t\t\t<p>Wir wollen 50 Adventskalender herausbringen. Aber da wir nur zwei Personen sind und 24 mal 50 Fliegen, also 1.200 Fliegen ben\u00f6tigen, dachten wir uns, dass Du uns unterst\u00fctzen k\u00f6nntest.<\/p><p>Wenn du uns also unterst\u00fctzen m\u00f6chtest, dann melde dich bitte via\u00a0<a href=\"https:\/\/www.instagram.com\/fischenmitfischerundkirsch\/\" target=\"_blank\" rel=\"noopener\"><b><u>Instagram<\/u><\/b><\/a>\u00a0oder unter der Mailadresse:<a href=\"mailto: info@fischenmit.de\"> <b><u>info@fischenmit.de<\/u><\/b><\/a>\u00a0bei uns und wir kl\u00e4ren gemeinsam die Details.<\/p>\t\t\t\t\t\t\t\t<\/div>\n\t\t\t\t<\/div>\n\t\t\t\t<div class=\"elementor-element elementor-element-db4d365 elementor-widget elementor-widget-heading\" data-id=\"db4d365\" data-element_type=\"widget\" data-widget_type=\"heading.default\">\n\t\t\t\t<div class=\"elementor-widget-container\">\n\t\t\t\t\t<h2 class=\"elementor-heading-title elementor-size-default\">Was ist f\u00fcr Dich drin?<\/h2>\t\t\t\t<\/div>\n\t\t\t\t<\/div>\n\t\t\t\t<div class=\"elementor-element elementor-element-e64fe86 elementor-widget elementor-widget-text-editor\" data-id=\"e64fe86\" data-element_type=\"widget\" data-widget_type=\"text-editor.default\">\n\t\t\t\t<div class=\"elementor-widget-container\">\n\t\t\t\t\t\t\t\t\t<p>Neben Ruhm, Ehre und der Dankbarkeit von unserer fischenmit.de Community platzieren wir deinen Namen (und dein Gesch\u00e4ft) auf unserer Webseite sowie auf dem Adventskalender. Wie das ganze aussehen wird, kl\u00e4ren wir noch in n\u00e4chster Zeit.<\/p>\t\t\t\t\t\t\t\t<\/div>\n\t\t\t\t<\/div>\n\t\t\t\t<div class=\"elementor-element elementor-element-437e31b elementor-widget elementor-widget-text-editor\" data-id=\"437e31b\" data-element_type=\"widget\" data-widget_type=\"text-editor.default\">\n\t\t\t\t<div class=\"elementor-widget-container\">\n\t\t\t\t\t\t\t\t\t<p>Wir danken Dir schon jetzt,\u00a0<\/p><p>Dein Stephan und dein Marco<\/p>\t\t\t\t\t\t\t\t<\/div>\n\t\t\t\t<\/div>\n\t\t\t\t<div class=\"elementor-element elementor-element-bed021a elementor-widget elementor-widget-image\" data-id=\"bed021a\" data-element_type=\"widget\" data-widget_type=\"image.default\">\n\t\t\t\t<div class=\"elementor-widget-container\">\n\t\t\t\t\t\t\t\t\t\t\t\t\t\t\t<img fetchpriority=\"high\" decoding=\"async\" width=\"225\" height=\"300\" src=\"https:\/\/fischenmit.de\/wp-content\/uploads\/2022\/01\/Marco_Stephan-225x300.jpeg\" class=\"attachment-medium size-medium wp-image-988\" alt=\"\" srcset=\"https:\/\/fischenmit.de\/wp-content\/uploads\/2022\/01\/Marco_Stephan-225x300.jpeg 225w, https:\/\/fischenmit.de\/wp-content\/uploads\/2022\/01\/Marco_Stephan-768x1024.jpeg 768w, https:\/\/fischenmit.de\/wp-content\/uploads\/2022\/01\/Marco_Stephan-1152x1536.jpeg 1152w, https:\/\/fischenmit.de\/wp-content\/uploads\/2022\/01\/Marco_Stephan.jpeg 1536w\" sizes=\"(max-width: 225px) 100vw, 225px\" \/>\t\t\t\t\t\t\t\t\t\t\t\t\t\t\t<\/div>\n\t\t\t\t<\/div>\n\t\t\t\t\t<\/div>\n\t\t<\/div>\n\t\t\t\t\t<\/div>\n\t\t<\/section>\n\t\t\t\t<\/div>\n\t\t","protected":false},"excerpt":{"rendered":"<p>Der Fischenmit.de Andventskalender Die Idee Nachdem wir beide im Jahr 2021 nur Nutzer eines Fliegenfischen-Adventskalenders waren, m\u00f6chten wir gerne unseren eigenen Adventskalender in diesem Jahr (2022) rausbringen. Dabei soll ein Kalender mit 24 selbstgebunden Fliegen best\u00fcckt und dann \u00fcber unsere Seite\u00a0 verkauft werden. Der Erl\u00f6s aus diesen Kalendern wird gespendet. Wir brauchen Deine Hilfe! Wir [&hellip;]<\/p>\n","protected":false},"author":1,"featured_media":0,"parent":0,"menu_order":0,"comment_status":"closed","ping_status":"closed","template":"templates\/landing.php","meta":{"_monsterinsights_skip_tracking":false,"_monsterinsights_sitenote_active":false,"_monsterinsights_sitenote_note":"","_monsterinsights_sitenote_category":0,"footnotes":""},"_links":{"self":[{"href":"https:\/\/fischenmit.de\/index.php?rest_route=\/wp\/v2\/pages\/976"}],"collection":[{"href":"https:\/\/fischenmit.de\/index.php?rest_route=\/wp\/v2\/pages"}],"about":[{"href":"https:\/\/fischenmit.de\/index.php?rest_route=\/wp\/v2\/types\/page"}],"author":[{"embeddable":true,"href":"https:\/\/fischenmit.de\/index.php?rest_route=\/wp\/v2\/users\/1"}],"replies":[{"embeddable":true,"href":"https:\/\/fischenmit.de\/index.php?rest_route=%2Fwp%2Fv2%2Fcomments&post=976"}],"version-history":[{"count":10,"href":"https:\/\/fischenmit.de\/index.php?rest_route=\/wp\/v2\/pages\/976\/revisions"}],"predecessor-version":[{"id":994,"href":"https:\/\/fischenmit.de\/index.php?rest_route=\/wp\/v2\/pages\/976\/revisions\/994"}],"wp:attachment":[{"href":"https:\/\/fischenmit.de\/index.php?rest_route=%2Fwp%2Fv2%2Fmedia&parent=976"}],"curies":[{"name":"wp","href":"https:\/\/api.w.org\/{rel}","templated":true}]}}

<div data-elementor-type="wp-page" data-elementor-id="976" class="elementor elementor-976">
						<section class="elementor-section elementor-top-section elementor-element elementor-element-0986748 elementor-section-boxed elementor-section-height-default elementor-section-height-default" data-id="0986748" data-element_type="section">
						<div class="elementor-container elementor-column-gap-default">
					<div class="elementor-column elementor-col-100 elementor-top-column elementor-element elementor-element-41645dd" data-id="41645dd" data-element_type="column">
			<div class="elementor-widget-wrap elementor-element-populated">
						<div class="elementor-element elementor-element-4c31046 elementor-widget elementor-widget-video" data-id="4c31046" data-element_type="widget" data-settings="{&quot;youtube_url&quot;:&quot;https:\/\/youtu.be\/ZTVqTENm7SE&quot;,&quot;yt_privacy&quot;:&quot;yes&quot;,&quot;video_type&quot;:&quot;youtube&quot;,&quot;controls&quot;:&quot;yes&quot;}" data-widget_type="video.default">
				<div class="elementor-widget-container">
							<div class="elementor-wrapper elementor-open-inline">
			<div class="elementor-video"></div>		</div>
						</div>
				</div>
					</div>
		</div>
					</div>
		</section>
				<section class="elementor-section elementor-top-section elementor-element elementor-element-77ef2eb elementor-section-boxed elementor-section-height-default elementor-section-height-default" data-id="77ef2eb" data-element_type="section">
						<div class="elementor-container elementor-column-gap-default">
					<div class="elementor-column elementor-col-100 elementor-top-column elementor-element elementor-element-1bb8481" data-id="1bb8481" data-element_type="column">
			<div class="elementor-widget-wrap elementor-element-populated">
						<div class="elementor-element elementor-element-00d1cad elementor-widget elementor-widget-heading" data-id="00d1cad" data-element_type="widget" data-widget_type="heading.default">
				<div class="elementor-widget-container">
					<h1 class="elementor-heading-title elementor-size-default">Der Fischenmit.de Andventskalender</h1>				</div>
				</div>
					</div>
		</div>
					</div>
		</section>
				<section class="elementor-section elementor-top-section elementor-element elementor-element-e80d21b elementor-section-boxed elementor-section-height-default elementor-section-height-default" data-id="e80d21b" data-element_type="section">
						<div class="elementor-container elementor-column-gap-default">
					<div class="elementor-column elementor-col-100 elementor-top-column elementor-element elementor-element-2cd0afe" data-id="2cd0afe" data-element_type="column">
			<div class="elementor-widget-wrap elementor-element-populated">
						<div class="elementor-element elementor-element-9df1652 elementor-widget elementor-widget-heading" data-id="9df1652" data-element_type="widget" data-widget_type="heading.default">
				<div class="elementor-widget-container">
					<h2 class="elementor-heading-title elementor-size-default">Die Idee</h2>				</div>
				</div>
				<div class="elementor-element elementor-element-2a2da7d elementor-widget elementor-widget-text-editor" data-id="2a2da7d" data-element_type="widget" data-widget_type="text-editor.default">
				<div class="elementor-widget-container">
									<p>Nachdem wir beide im Jahr 2021 nur Nutzer eines Fliegenfischen-Adventskalenders waren, möchten wir gerne unseren eigenen Adventskalender in diesem Jahr (2022) rausbringen. Dabei soll ein Kalender mit 24 selbstgebunden Fliegen bestückt und dann über unsere Seite  verkauft werden.</p><p>Der Erlös aus diesen Kalendern wird gespendet.</p>								</div>
				</div>
				<div class="elementor-element elementor-element-e5a3cd3 elementor-widget elementor-widget-heading" data-id="e5a3cd3" data-element_type="widget" data-widget_type="heading.default">
				<div class="elementor-widget-container">
					<h2 class="elementor-heading-title elementor-size-default">Wir brauchen Deine Hilfe!</h2>				</div>
				</div>
				<div class="elementor-element elementor-element-fe16b73 elementor-widget elementor-widget-text-editor" data-id="fe16b73" data-element_type="widget" data-widget_type="text-editor.default">
				<div class="elementor-widget-container">
									<p>Wir wollen 50 Adventskalender herausbringen. Aber da wir nur zwei Personen sind und 24 mal 50 Fliegen, also 1.200 Fliegen benötigen, dachten wir uns, dass Du uns unterstützen könntest.</p><p>Wenn du uns also unterstützen möchtest, dann melde dich bitte via <a href="https://www.instagram.com/fischenmitfischerundkirsch/" target="_blank" rel="noopener"><b><u>Instagram</u></b></a> oder unter der Mailadresse:<a href="mailto: info@fischenmit.de"> <b><u>info@fischenmit.de</u></b></a> bei uns und wir klären gemeinsam die Details.</p>								</div>
				</div>
				<div class="elementor-element elementor-element-db4d365 elementor-widget elementor-widget-heading" data-id="db4d365" data-element_type="widget" data-widget_type="heading.default">
				<div class="elementor-widget-container">
					<h2 class="elementor-heading-title elementor-size-default">Was ist für Dich drin?</h2>				</div>
				</div>
				<div class="elementor-element elementor-element-e64fe86 elementor-widget elementor-widget-text-editor" data-id="e64fe86" data-element_type="widget" data-widget_type="text-editor.default">
				<div class="elementor-widget-container">
									<p>Neben Ruhm, Ehre und der Dankbarkeit von unserer fischenmit.de Community platzieren wir deinen Namen (und dein Geschäft) auf unserer Webseite sowie auf dem Adventskalender. Wie das ganze aussehen wird, klären wir noch in nächster Zeit.</p>								</div>
				</div>
				<div class="elementor-element elementor-element-437e31b elementor-widget elementor-widget-text-editor" data-id="437e31b" data-element_type="widget" data-widget_type="text-editor.default">
				<div class="elementor-widget-container">
									<p>Wir danken Dir schon jetzt, </p><p>Dein Stephan und dein Marco</p>								</div>
				</div>
				<div class="elementor-element elementor-element-bed021a elementor-widget elementor-widget-image" data-id="bed021a" data-element_type="widget" data-widget_type="image.default">
				<div class="elementor-widget-container">
															<img fetchpriority="high" decoding="async" width="225" height="300" src="https://fischenmit.de/wp-content/uploads/2022/01/Marco_Stephan-225x300.jpeg" class="attachment-medium size-medium wp-image-988" alt="" srcset="https://fischenmit.de/wp-content/uploads/2022/01/Marco_Stephan-225x300.jpeg 225w, https://fischenmit.de/wp-content/uploads/2022/01/Marco_Stephan-768x1024.jpeg 768w, https://fischenmit.de/wp-content/uploads/2022/01/Marco_Stephan-1152x1536.jpeg 1152w, https://fischenmit.de/wp-content/uploads/2022/01/Marco_Stephan.jpeg 1536w" sizes="(max-width: 225px) 100vw, 225px" />															</div>
				</div>
					</div>
		</div>
					</div>
		</section>
				</div>

<p>Der Fischenmit.de Andventskalender Die Idee Nachdem wir beide im Jahr 2021 nur Nutzer eines Fliegenfischen-Adventskalenders waren, möchten wir gerne unseren eigenen Adventskalender in diesem Jahr (2022) rausbringen. Dabei soll ein Kalender mit 24 selbstgebunden Fliegen bestückt und dann über unsere Seite  verkauft werden. Der Erlös aus diesen Kalendern wird gespendet. Wir brauchen Deine Hilfe! Wir [&hellip;]</p>
