{"id":911,"date":"2022-01-03T12:07:30","date_gmt":"2022-01-03T11:07:30","guid":{"rendered":"https:\/\/fischenmit.de\/?page_id=911"},"modified":"2022-04-10T14:48:32","modified_gmt":"2022-04-10T12:48:32","slug":"ueber-uns","status":"publish","type":"page","link":"https:\/\/fischenmit.de\/?page_id=911","title":{"rendered":"\u00dcber uns"},"content":{"rendered":"\t\t<div data-elementor-type=\"wp-page\" data-elementor-id=\"911\" class=\"elementor elementor-911\">\n\t\t\t\t\t\t<section class=\"elementor-section elementor-top-section elementor-element elementor-element-3680f6f elementor-section-boxed elementor-section-height-default elementor-section-height-default\" data-id=\"3680f6f\" data-element_type=\"section\">\n\t\t\t\t\t\t<div class=\"elementor-container elementor-column-gap-default\">\n\t\t\t\t\t<div class=\"elementor-column elementor-col-100 elementor-top-column elementor-element elementor-element-5c2c1c7\" data-id=\"5c2c1c7\" data-element_type=\"column\">\n\t\t\t<div class=\"elementor-widget-wrap elementor-element-populated\">\n\t\t\t\t\t\t<section class=\"elementor-section elementor-inner-section elementor-element elementor-element-883f63c elementor-section-boxed elementor-section-height-default elementor-section-height-default\" data-id=\"883f63c\" data-element_type=\"section\">\n\t\t\t\t\t\t<div class=\"elementor-container elementor-column-gap-default\">\n\t\t\t\t\t<div class=\"elementor-column elementor-col-50 elementor-inner-column elementor-element elementor-element-446da92\" data-id=\"446da92\" data-element_type=\"column\">\n\t\t\t<div class=\"elementor-widget-wrap elementor-element-populated\">\n\t\t\t\t\t\t<div class=\"elementor-element elementor-element-dc7d2e2 elementor-widget elementor-widget-image\" data-id=\"dc7d2e2\" data-element_type=\"widget\" data-widget_type=\"image.default\">\n\t\t\t\t<div class=\"elementor-widget-container\">\n\t\t\t\t\t\t\t\t\t\t\t\t\t\t\t<img fetchpriority=\"high\" decoding=\"async\" width=\"768\" height=\"1024\" src=\"https:\/\/fischenmit.de\/wp-content\/uploads\/2022\/03\/Stephan-768x1024.jpeg\" class=\"attachment-large size-large wp-image-1032\" alt=\"Stephan\" srcset=\"https:\/\/fischenmit.de\/wp-content\/uploads\/2022\/03\/Stephan-768x1024.jpeg 768w, https:\/\/fischenmit.de\/wp-content\/uploads\/2022\/03\/Stephan-225x300.jpeg 225w, https:\/\/fischenmit.de\/wp-content\/uploads\/2022\/03\/Stephan-1152x1536.jpeg 1152w, https:\/\/fischenmit.de\/wp-content\/uploads\/2022\/03\/Stephan-1536x2048.jpeg 1536w, https:\/\/fischenmit.de\/wp-content\/uploads\/2022\/03\/Stephan-scaled.jpeg 1920w\" sizes=\"(max-width: 768px) 100vw, 768px\" \/>\t\t\t\t\t\t\t\t\t\t\t\t\t\t\t<\/div>\n\t\t\t\t<\/div>\n\t\t\t\t<div class=\"elementor-element elementor-element-3f729f4 elementor-widget elementor-widget-text-editor\" data-id=\"3f729f4\" data-element_type=\"widget\" data-widget_type=\"text-editor.default\">\n\t\t\t\t<div class=\"elementor-widget-container\">\n\t\t\t\t\t\t\t\t\t<h4 style=\"font-variant-ligatures: normal; font-variant-caps: normal; font-family: Montserrat; font-style: normal; letter-spacing: 0.2px;\">Name, Vorname<\/h4><p style=\"font-variant-ligatures: normal; font-variant-caps: normal; font-family: Montserrat; font-size: 15px; font-style: normal; font-weight: 400; letter-spacing: 0.2px; text-align: left;\">Schl\u00f6sser, Stephan<\/p><h4 style=\"font-variant-ligatures: normal; font-variant-caps: normal; font-family: Montserrat; font-style: normal; letter-spacing: 0.2px; text-align: left;\">Geburtsdatum<\/h4><p style=\"font-variant-ligatures: normal; font-variant-caps: normal; font-family: Montserrat; font-size: 15px; font-style: normal; font-weight: 400; letter-spacing: 0.2px; text-align: left;\">30.11.87<\/p><h4 style=\"font-variant-ligatures: normal; font-variant-caps: normal; font-family: Montserrat; font-style: normal; letter-spacing: 0.2px; text-align: left;\">Gr\u00f6\u00dfe<\/h4><p style=\"font-variant-ligatures: normal; font-variant-caps: normal; font-family: Montserrat; font-size: 15px; font-style: normal; font-weight: 400; letter-spacing: 0.2px; text-align: left;\">180<\/p>\t\t\t\t\t\t\t\t<\/div>\n\t\t\t\t<\/div>\n\t\t\t\t\t<\/div>\n\t\t<\/div>\n\t\t\t\t<div class=\"elementor-column elementor-col-50 elementor-inner-column elementor-element elementor-element-f6353c2\" data-id=\"f6353c2\" data-element_type=\"column\">\n\t\t\t<div class=\"elementor-widget-wrap elementor-element-populated\">\n\t\t\t\t\t\t<div class=\"elementor-element elementor-element-f394767 elementor-widget elementor-widget-text-editor\" data-id=\"f394767\" data-element_type=\"widget\" data-widget_type=\"text-editor.default\">\n\t\t\t\t<div class=\"elementor-widget-container\">\n\t\t\t\t\t\t\t\t\t<h4 style=\"text-align: left;\">&nbsp;Lieblingsrute<\/h4>\n<p>Vision Hero Dry Fly #4 8&#8243;&nbsp;<\/p>\n<h4>Lieblingsk\u00f6der<\/h4>\n<p>jegliche art von Nymphen f\u00fcr die Fliegenrute<\/p>\n<h4>Lieblingsfisch<\/h4>\n<p>ganz klar &#8211;&gt; \u00c4sche<\/p>\n<h4>Fanboy von? (Angelstar)<\/h4>\n<p>Niklaus Bauer&nbsp;<a style=\"font-size: 15px; background-color: #ffffff; letter-spacing: 0.2px;\" href=\"https:\/\/www.instagram.com\/niklausbauer\/?hl=de\" target=\"_blank\" rel=\"noopener\"><u>(Instagram)<\/u><\/a><\/p>\n<h4>Heimatgew\u00e4sser<\/h4>\n<p>Saale &amp; Unstrut<\/p>\n<h4>erfolgreichster Tag<\/h4>\n<p>Trockenfliegenfischen an der Schwarza &#8211; <a href=\"https:\/\/fischenmit.de\/podcast\/073-4-tag-4-an-der-schwarza\/\"><u>Podcastfolge 073.4 Tag 4 an der Schwarza<\/u><\/a><\/p>\n<h4>bisheriges sch\u00f6nstes Angelerlebnis<\/h4>\n<p>Slowenienausflug im Herbst 2021<\/p>\n<h4>Lieblingsfolge vom Podcast<\/h4>\n<p>puhhh &#8211; <a href=\"https:\/\/fischenmit.de\/episoden\/\"><u>alle<\/u><\/a> ?<\/p>\n<h4>Lieblingsgetr\u00e4nk<\/h4>\n<p><a href=\"https:\/\/www.naumburger.com\/\"><u>Wein aus dem eigenen Weingut &#8211; Kerner feinherb oder Blanc de Noir feinherb<\/u><\/a><\/p>\n<h4>Lieblingsessen<\/h4>\n<p>Gans mit Kl\u00f6\u00dfen und Rotkraut<\/p>\n<h4>Motto<\/h4>\n<p>Nichts gefangen ist auch geangelt \ud83d\ude1b<\/p>\t\t\t\t\t\t\t\t<\/div>\n\t\t\t\t<\/div>\n\t\t\t\t\t<\/div>\n\t\t<\/div>\n\t\t\t\t\t<\/div>\n\t\t<\/section>\n\t\t\t\t\t<\/div>\n\t\t<\/div>\n\t\t\t\t\t<\/div>\n\t\t<\/section>\n\t\t\t\t<section class=\"elementor-section elementor-top-section elementor-element elementor-element-279ac27 elementor-section-boxed elementor-section-height-default elementor-section-height-default\" data-id=\"279ac27\" data-element_type=\"section\">\n\t\t\t\t\t\t<div class=\"elementor-container elementor-column-gap-default\">\n\t\t\t\t\t<div class=\"elementor-column elementor-col-100 elementor-top-column elementor-element elementor-element-43ec611\" data-id=\"43ec611\" data-element_type=\"column\">\n\t\t\t<div class=\"elementor-widget-wrap elementor-element-populated\">\n\t\t\t\t\t\t<section class=\"elementor-section elementor-inner-section elementor-element elementor-element-144cb2e elementor-section-boxed elementor-section-height-default elementor-section-height-default\" data-id=\"144cb2e\" data-element_type=\"section\">\n\t\t\t\t\t\t<div class=\"elementor-container elementor-column-gap-default\">\n\t\t\t\t\t<div class=\"elementor-column elementor-col-50 elementor-inner-column elementor-element elementor-element-bb9ae5d\" data-id=\"bb9ae5d\" data-element_type=\"column\">\n\t\t\t<div class=\"elementor-widget-wrap elementor-element-populated\">\n\t\t\t\t\t\t<div class=\"elementor-element elementor-element-1fb39d6 elementor-widget elementor-widget-image\" data-id=\"1fb39d6\" data-element_type=\"widget\" data-widget_type=\"image.default\">\n\t\t\t\t<div class=\"elementor-widget-container\">\n\t\t\t\t\t\t\t\t\t\t\t\t\t\t\t<img decoding=\"async\" width=\"768\" height=\"1024\" src=\"https:\/\/fischenmit.de\/wp-content\/uploads\/2022\/04\/IMG_3540-768x1024.jpeg\" class=\"attachment-large size-large wp-image-1132\" alt=\"\" srcset=\"https:\/\/fischenmit.de\/wp-content\/uploads\/2022\/04\/IMG_3540-768x1024.jpeg 768w, https:\/\/fischenmit.de\/wp-content\/uploads\/2022\/04\/IMG_3540-225x300.jpeg 225w, https:\/\/fischenmit.de\/wp-content\/uploads\/2022\/04\/IMG_3540-1152x1536.jpeg 1152w, https:\/\/fischenmit.de\/wp-content\/uploads\/2022\/04\/IMG_3540-1536x2048.jpeg 1536w, https:\/\/fischenmit.de\/wp-content\/uploads\/2022\/04\/IMG_3540-scaled.jpeg 1920w\" sizes=\"(max-width: 768px) 100vw, 768px\" \/>\t\t\t\t\t\t\t\t\t\t\t\t\t\t\t<\/div>\n\t\t\t\t<\/div>\n\t\t\t\t<div class=\"elementor-element elementor-element-6bdb339 elementor-widget elementor-widget-text-editor\" data-id=\"6bdb339\" data-element_type=\"widget\" data-widget_type=\"text-editor.default\">\n\t\t\t\t<div class=\"elementor-widget-container\">\n\t\t\t\t\t\t\t\t\t<h4 style=\"font-variant-ligatures: normal; font-variant-caps: normal; font-family: Montserrat; font-style: normal; letter-spacing: 0.2px;\">Name, Vorname<\/h4><p style=\"font-variant-ligatures: normal; font-variant-caps: normal; font-family: Montserrat; font-size: 15px; font-style: normal; font-weight: 400; letter-spacing: 0.2px; text-align: left;\">Fischer, Marco<\/p><h4 style=\"font-variant-ligatures: normal; font-variant-caps: normal; font-family: Montserrat; font-style: normal; letter-spacing: 0.2px; text-align: left;\">Geburtsdatum<\/h4><p style=\"font-variant-ligatures: normal; font-variant-caps: normal; font-family: Montserrat; font-size: 15px; font-style: normal; font-weight: 400; letter-spacing: 0.2px; text-align: left;\">10.01.81<\/p><h4 style=\"font-variant-ligatures: normal; font-variant-caps: normal; font-family: Montserrat; font-style: normal; letter-spacing: 0.2px; text-align: left;\">Gr\u00f6\u00dfe<\/h4><p style=\"font-variant-ligatures: normal; font-variant-caps: normal; font-family: Montserrat; font-size: 15px; font-style: normal; font-weight: 400; letter-spacing: 0.2px; text-align: left;\">176<\/p>\t\t\t\t\t\t\t\t<\/div>\n\t\t\t\t<\/div>\n\t\t\t\t\t<\/div>\n\t\t<\/div>\n\t\t\t\t<div class=\"elementor-column elementor-col-50 elementor-inner-column elementor-element elementor-element-43ad026\" data-id=\"43ad026\" data-element_type=\"column\">\n\t\t\t<div class=\"elementor-widget-wrap elementor-element-populated\">\n\t\t\t\t\t\t<div class=\"elementor-element elementor-element-548ebcf elementor-widget elementor-widget-text-editor\" data-id=\"548ebcf\" data-element_type=\"widget\" data-widget_type=\"text-editor.default\">\n\t\t\t\t<div class=\"elementor-widget-container\">\n\t\t\t\t\t\t\t\t\t<h4 style=\"text-align: left;\">\u00a0Lieblingsrute<\/h4><p>Guideline stocked #5 9\u201c<\/p><h4>Lieblingsk\u00f6der<\/h4><p>Ministreamer oder Trockenfliege Rehhaar Sedge Hakengr\u00f6\u00dfe 16<\/p><h4>Lieblingsfisch<\/h4><p>Forellen, egal welche und \u00c4schen sind einfach tolle Fische, die mich immer wieder begeistern<\/p><h4>Fanboy von? (Angelstar)<\/h4><p>Schwierig da bei mir das Video und der Umgang mit Fisch im Vordergrund steht. Aktuell mag ich die Videos von David Wenzel oder trout hunting NZ weil es hier, finde ich, passt. Nicht zu vergessen der Kanal WildeFische von Benedikt da schaue ich jedes Video an.<\/p><h4>Heimatgew\u00e4sser<\/h4><p>Saale, Unstrut, wei\u00dfe Elster und die Ilm sind meine Hauptgew\u00e4sser die ich fische.<\/p><h4>erfolgreichster Tag<\/h4><p>Vllt der letzte Abend unseres Ausflugs an die<a href=\"https:\/\/fischenmit.de\/podcast\/074-auswertung-schwarza-urlaub\/\"> Schwarza in Th\u00fcringen<\/a>. Trockenfliege in mitten vom Schlupf der Maifliege brachte soviel Fisch und am Ende noch eine richtig sch\u00f6ne 42 er wilde Bachforelle<\/p><h4>bisheriges sch\u00f6nstes Angelerlebnis<\/h4><p>Da gibt es 2:<br \/>mein erster Rapfen und Tschechien denn ich mir \u00fcber Tage hart erarbeitet habe<br \/>die 55 er Regenbogen Forelle auf Trockenfliege in Slowenien.<br \/>Beides Erlebnisse bei denen ich erst lange fischen musste und lernen wie ich, was, wo und auf welche Art pr\u00e4sentieren muss um den Fisch zu \u00fcberlisten.<\/p><h4>Lieblingsfolge vom Podcast<\/h4><p>Vllt die Folge 027 Fliegenfischen oder unsere kleine Reihe \u00fcber die Schwarza. Aber ich h\u00f6re mir unsere Folgen auch selten an.<\/p><h4>Lieblingsgetr\u00e4nk<\/h4><p>Kaffee und Wasser<\/p><h4>Lieblingsessen<\/h4><p>Als Th\u00fcringer komme ich schwer an einem Bratwurststand vorbei aber auch Forellen frisch vom Grill sind mega.<\/p><h4>Lieblingsmusik<\/h4><p>Drum and Bass beim Training und die Ger\u00e4usche der Natur beim Angeln.<\/p><h4>Lieblingsfilm<\/h4><p>Ich stehe einfach auf alle Marvel Filme.<\/p><h4>Motto<\/h4><p>Sei frei, sei fr\u00f6hlich und liebe was du tust.<\/p>\t\t\t\t\t\t\t\t<\/div>\n\t\t\t\t<\/div>\n\t\t\t\t\t<\/div>\n\t\t<\/div>\n\t\t\t\t\t<\/div>\n\t\t<\/section>\n\t\t\t\t\t<\/div>\n\t\t<\/div>\n\t\t\t\t\t<\/div>\n\t\t<\/section>\n\t\t\t\t<\/div>\n\t\t","protected":false},"excerpt":{"rendered":"<p>Name, Vorname Schl\u00f6sser, Stephan Geburtsdatum 30.11.87 Gr\u00f6\u00dfe 180 &nbsp;Lieblingsrute Vision Hero Dry Fly #4 8&#8243;&nbsp; Lieblingsk\u00f6der jegliche art von Nymphen f\u00fcr die Fliegenrute Lieblingsfisch ganz klar &#8211;&gt; \u00c4sche Fanboy von? (Angelstar) Niklaus Bauer&nbsp;(Instagram) Heimatgew\u00e4sser Saale &amp; Unstrut erfolgreichster Tag Trockenfliegenfischen an der Schwarza &#8211; Podcastfolge 073.4 Tag 4 an der Schwarza bisheriges sch\u00f6nstes Angelerlebnis Slowenienausflug [&hellip;]<\/p>\n","protected":false},"author":1,"featured_media":0,"parent":0,"menu_order":0,"comment_status":"closed","ping_status":"closed","template":"","meta":{"_monsterinsights_skip_tracking":false,"_monsterinsights_sitenote_active":false,"_monsterinsights_sitenote_note":"","_monsterinsights_sitenote_category":0,"footnotes":""},"_links":{"self":[{"href":"https:\/\/fischenmit.de\/index.php?rest_route=\/wp\/v2\/pages\/911"}],"collection":[{"href":"https:\/\/fischenmit.de\/index.php?rest_route=\/wp\/v2\/pages"}],"about":[{"href":"https:\/\/fischenmit.de\/index.php?rest_route=\/wp\/v2\/types\/page"}],"author":[{"embeddable":true,"href":"https:\/\/fischenmit.de\/index.php?rest_route=\/wp\/v2\/users\/1"}],"replies":[{"embeddable":true,"href":"https:\/\/fischenmit.de\/index.php?rest_route=%2Fwp%2Fv2%2Fcomments&post=911"}],"version-history":[{"count":7,"href":"https:\/\/fischenmit.de\/index.php?rest_route=\/wp\/v2\/pages\/911\/revisions"}],"predecessor-version":[{"id":1173,"href":"https:\/\/fischenmit.de\/index.php?rest_route=\/wp\/v2\/pages\/911\/revisions\/1173"}],"wp:attachment":[{"href":"https:\/\/fischenmit.de\/index.php?rest_route=%2Fwp%2Fv2%2Fmedia&parent=911"}],"curies":[{"name":"wp","href":"https:\/\/api.w.org\/{rel}","templated":true}]}}